{"id":171,"date":"2024-01-26T16:50:53","date_gmt":"2024-01-26T15:50:53","guid":{"rendered":"https:\/\/www.cyklopacl.cz\/?page_id=171"},"modified":"2024-01-26T16:52:11","modified_gmt":"2024-01-26T15:52:11","slug":"kontakt","status":"publish","type":"page","link":"https:\/\/www.cyklopacl.cz\/?page_id=171","title":{"rendered":"Kontakt"},"content":{"rendered":"\n<p>\u010cesk\u00e1 \u010dtvr\u0165 47, Olomouc-Nemilany, 783 01<\/p>\n\n\n\n<p>+420 603 954 982<\/p>\n\n\n\n<p>cyklo.pacl@seznam.cz<\/p>\n\n\n\n<div style=\"height:65px\" aria-hidden=\"true\" class=\"wp-block-spacer\"><\/div>\n\n\n\n<div style=\"height:9px\" aria-hidden=\"true\" class=\"wp-block-spacer\"><\/div>\n","protected":false},"excerpt":{"rendered":"<p>\u010cesk\u00e1 \u010dtvr\u0165 47, Olomouc-Nemilany, 783 01 +420 603 954 982 cyklo.pacl@seznam.cz<\/p>\n","protected":false},"author":2,"featured_media":0,"parent":0,"menu_order":0,"comment_status":"closed","ping_status":"open","template":"wp-custom-template-vlastni-sablona-pokus","meta":{"footnotes":""},"class_list":["post-171","page","type-page","status-publish","hentry"],"yoast_head":"<!-- This site is optimized with the Yoast SEO plugin v25.7 - https:\/\/yoast.com\/wordpress\/plugins\/seo\/ -->\n<title>Kontakt - cyklopacl.cz<\/title>\n<meta name=\"description\" content=\"\u010cesk\u00e1 \u010dtvr\u0165 47, Olomouc-Nemilany, 783 01 +420 603 954 982 cyklo.pacl@seznam.cz\" \/>\n<meta name=\"robots\" content=\"index, follow, max-snippet:-1, max-image-preview:large, max-video-preview:-1\" \/>\n<link rel=\"canonical\" href=\"https:\/\/www.cyklopacl.cz\/?page_id=171\" \/>\n<meta property=\"og:locale\" content=\"cs_CZ\" \/>\n<meta property=\"og:type\" content=\"article\" \/>\n<meta property=\"og:title\" content=\"Kontakt - cyklopacl.cz\" \/>\n<meta property=\"og:description\" content=\"\u010cesk\u00e1 \u010dtvr\u0165 47, Olomouc-Nemilany, 783 01 +420 603 954 982 cyklo.pacl@seznam.cz\" \/>\n<meta property=\"og:url\" content=\"https:\/\/www.cyklopacl.cz\/?page_id=171\" \/>\n<meta property=\"og:site_name\" content=\"cyklopacl.cz\" \/>\n<meta property=\"article:modified_time\" content=\"2024-01-26T15:52:11+00:00\" \/>\n<meta name=\"twitter:card\" content=\"summary_large_image\" \/>\n<script type=\"application\/ld+json\" class=\"yoast-schema-graph\">{\"@context\":\"https:\/\/schema.org\",\"@graph\":[{\"@type\":\"WebPage\",\"@id\":\"https:\/\/www.cyklopacl.cz\/?page_id=171\",\"url\":\"https:\/\/www.cyklopacl.cz\/?page_id=171\",\"name\":\"Kontakt - cyklopacl.cz\",\"isPartOf\":{\"@id\":\"https:\/\/www.cyklopacl.cz\/#website\"},\"datePublished\":\"2024-01-26T15:50:53+00:00\",\"dateModified\":\"2024-01-26T15:52:11+00:00\",\"breadcrumb\":{\"@id\":\"https:\/\/www.cyklopacl.cz\/?page_id=171#breadcrumb\"},\"inLanguage\":\"cs\",\"potentialAction\":[{\"@type\":\"ReadAction\",\"target\":[\"https:\/\/www.cyklopacl.cz\/?page_id=171\"]}]},{\"@type\":\"BreadcrumbList\",\"@id\":\"https:\/\/www.cyklopacl.cz\/?page_id=171#breadcrumb\",\"itemListElement\":[{\"@type\":\"ListItem\",\"position\":1,\"name\":\"Home\",\"item\":\"https:\/\/www.cyklopacl.cz\/\"},{\"@type\":\"ListItem\",\"position\":2,\"name\":\"Kontakt\"}]},{\"@type\":\"WebSite\",\"@id\":\"https:\/\/www.cyklopacl.cz\/#website\",\"url\":\"https:\/\/www.cyklopacl.cz\/\",\"name\":\"cyklopacl.cz\",\"description\":\"Opravy a prodej j\u00edzdn\u00edch kol a jin\u00e9 slu\u017eby.\",\"publisher\":{\"@id\":\"https:\/\/www.cyklopacl.cz\/#organization\"},\"potentialAction\":[{\"@type\":\"SearchAction\",\"target\":{\"@type\":\"EntryPoint\",\"urlTemplate\":\"https:\/\/www.cyklopacl.cz\/?s={search_term_string}\"},\"query-input\":{\"@type\":\"PropertyValueSpecification\",\"valueRequired\":true,\"valueName\":\"search_term_string\"}}],\"inLanguage\":\"cs\"},{\"@type\":\"Organization\",\"@id\":\"https:\/\/www.cyklopacl.cz\/#organization\",\"name\":\"cyklopacl.cz\",\"url\":\"https:\/\/www.cyklopacl.cz\/\",\"logo\":{\"@type\":\"ImageObject\",\"inLanguage\":\"cs\",\"@id\":\"https:\/\/www.cyklopacl.cz\/#\/schema\/logo\/image\/\",\"url\":\"https:\/\/www.cyklopacl.cz\/wp-content\/uploads\/2024\/01\/logo_a_text_3_Kreslici-platno-1_Kreslici-platno-1-2.png\",\"contentUrl\":\"https:\/\/www.cyklopacl.cz\/wp-content\/uploads\/2024\/01\/logo_a_text_3_Kreslici-platno-1_Kreslici-platno-1-2.png\",\"width\":617,\"height\":87,\"caption\":\"cyklopacl.cz\"},\"image\":{\"@id\":\"https:\/\/www.cyklopacl.cz\/#\/schema\/logo\/image\/\"}}]}<\/script>\n<!-- \/ Yoast SEO plugin. -->","yoast_head_json":{"title":"Kontakt - cyklopacl.cz","description":"\u010cesk\u00e1 \u010dtvr\u0165 47, Olomouc-Nemilany, 783 01 +420 603 954 982 cyklo.pacl@seznam.cz","robots":{"index":"index","follow":"follow","max-snippet":"max-snippet:-1","max-image-preview":"max-image-preview:large","max-video-preview":"max-video-preview:-1"},"canonical":"https:\/\/www.cyklopacl.cz\/?page_id=171","og_locale":"cs_CZ","og_type":"article","og_title":"Kontakt - cyklopacl.cz","og_description":"\u010cesk\u00e1 \u010dtvr\u0165 47, Olomouc-Nemilany, 783 01 +420 603 954 982 cyklo.pacl@seznam.cz","og_url":"https:\/\/www.cyklopacl.cz\/?page_id=171","og_site_name":"cyklopacl.cz","article_modified_time":"2024-01-26T15:52:11+00:00","twitter_card":"summary_large_image","schema":{"@context":"https:\/\/schema.org","@graph":[{"@type":"WebPage","@id":"https:\/\/www.cyklopacl.cz\/?page_id=171","url":"https:\/\/www.cyklopacl.cz\/?page_id=171","name":"Kontakt - cyklopacl.cz","isPartOf":{"@id":"https:\/\/www.cyklopacl.cz\/#website"},"datePublished":"2024-01-26T15:50:53+00:00","dateModified":"2024-01-26T15:52:11+00:00","breadcrumb":{"@id":"https:\/\/www.cyklopacl.cz\/?page_id=171#breadcrumb"},"inLanguage":"cs","potentialAction":[{"@type":"ReadAction","target":["https:\/\/www.cyklopacl.cz\/?page_id=171"]}]},{"@type":"BreadcrumbList","@id":"https:\/\/www.cyklopacl.cz\/?page_id=171#breadcrumb","itemListElement":[{"@type":"ListItem","position":1,"name":"Home","item":"https:\/\/www.cyklopacl.cz\/"},{"@type":"ListItem","position":2,"name":"Kontakt"}]},{"@type":"WebSite","@id":"https:\/\/www.cyklopacl.cz\/#website","url":"https:\/\/www.cyklopacl.cz\/","name":"cyklopacl.cz","description":"Opravy a prodej j\u00edzdn\u00edch kol a jin\u00e9 slu\u017eby.","publisher":{"@id":"https:\/\/www.cyklopacl.cz\/#organization"},"potentialAction":[{"@type":"SearchAction","target":{"@type":"EntryPoint","urlTemplate":"https:\/\/www.cyklopacl.cz\/?s={search_term_string}"},"query-input":{"@type":"PropertyValueSpecification","valueRequired":true,"valueName":"search_term_string"}}],"inLanguage":"cs"},{"@type":"Organization","@id":"https:\/\/www.cyklopacl.cz\/#organization","name":"cyklopacl.cz","url":"https:\/\/www.cyklopacl.cz\/","logo":{"@type":"ImageObject","inLanguage":"cs","@id":"https:\/\/www.cyklopacl.cz\/#\/schema\/logo\/image\/","url":"https:\/\/www.cyklopacl.cz\/wp-content\/uploads\/2024\/01\/logo_a_text_3_Kreslici-platno-1_Kreslici-platno-1-2.png","contentUrl":"https:\/\/www.cyklopacl.cz\/wp-content\/uploads\/2024\/01\/logo_a_text_3_Kreslici-platno-1_Kreslici-platno-1-2.png","width":617,"height":87,"caption":"cyklopacl.cz"},"image":{"@id":"https:\/\/www.cyklopacl.cz\/#\/schema\/logo\/image\/"}}]}},"_links":{"self":[{"href":"https:\/\/www.cyklopacl.cz\/index.php?rest_route=\/wp\/v2\/pages\/171","targetHints":{"allow":["GET"]}}],"collection":[{"href":"https:\/\/www.cyklopacl.cz\/index.php?rest_route=\/wp\/v2\/pages"}],"about":[{"href":"https:\/\/www.cyklopacl.cz\/index.php?rest_route=\/wp\/v2\/types\/page"}],"author":[{"embeddable":true,"href":"https:\/\/www.cyklopacl.cz\/index.php?rest_route=\/wp\/v2\/users\/2"}],"replies":[{"embeddable":true,"href":"https:\/\/www.cyklopacl.cz\/index.php?rest_route=%2Fwp%2Fv2%2Fcomments&post=171"}],"version-history":[{"count":10,"href":"https:\/\/www.cyklopacl.cz\/index.php?rest_route=\/wp\/v2\/pages\/171\/revisions"}],"predecessor-version":[{"id":274,"href":"https:\/\/www.cyklopacl.cz\/index.php?rest_route=\/wp\/v2\/pages\/171\/revisions\/274"}],"wp:attachment":[{"href":"https:\/\/www.cyklopacl.cz\/index.php?rest_route=%2Fwp%2Fv2%2Fmedia&parent=171"}],"curies":[{"name":"wp","href":"https:\/\/api.w.org\/{rel}","templated":true}]}}